n 559471 is divided by 35.
31
What is the remainder when 34251 is divided by 1620?
231
Calculate the remainder when 8863 is divided by 187.
74
What is the remainder when 2409788 is divided by 168?
164
Calculate the remainder when 86543 is divided by 174.
65
What is the remainder when 3614 is divided by 163?
28
What is the remainder when 2808 is divided by 894?
126
Calculate the remainder when 9805 is divided by 4769.
267
Calculate the remainder when 26396 is divided by 55.
51
Calculate the remainder when 917 is divided by 460.
457
What is the remainder when 508018 is divided by 19?
15
Calculate the remainder when 2776 is divided by 99.
4
Calculate the remainder when 73272 is divided by 17.
2
Calculate the remainder when 52684 is divided by 2107.
9
What is the remainder when 60704 is divided by 25?
4
Calculate the remainder when 1162555 is divided by 26421.
31
Calculate the remainder when 10269 is divided by 48.
45
Calculate the remainder when 55591 is divided by 418.
415
What is the remainder when 4003 is divided by 1331?
10
Calculate the remainder when 4951 is divided by 20.
11
Calculate the remainder when 28509 is divided by 467.
22
What is the remainder when 2688 is divided by 106?
38
What is the remainder when 1672100 is divided by 17?
14
Calculate the remainder when 793805 is divided by 735.
5
Calculate the remainder when 6973 is divided by 239.
42
Calculate the remainder when 3217 is divided by 70.
67
Calculate the remainder when 1571632 is divided by 168.
160
Calculate the remainder when 17376 is divided by 171.
105
What is the remainder when 256 is divided by 58?
24
What is the remainder when 197918 is divided by 183?
95
What is the remainder when 2197 is divided by 1819?
378
What is the remainder when 9396 is divided by 663?
114
Calculate the remainder when 14957 is divided by 3730.
37
What is the remainder when 44775 is divided by 6?
3
Calculate the remainder when 995 is divided by 458.
79
What is the remainder when 113666 is divided by 10332?
14
What is the remainder when 15155 is divided by 1515?
5
What is the remainder when 535 is divided by 116?
71
Calculate the remainder when 19781 is divided by 1484.
489
What is the remainder when 1190 is divided by 143?
46
What is the remainder when 3522 is divided by 333?
192
What is the remainder when 4550 is divided by 118?
66
What is the remainder when 4870 is divided by 1093?
498
What is the remainder when 12108 is divided by 12095?
13
What is the remainder when 9422417 is divided by 2996?
2993
What is the remainder when 8961 is divided by 4416?
129
Calculate the remainder when 191935 is divided by 37.
16
Calculate the remainder when 3817 is divided by 905.
197
Calculate the remainder when 64920 is divided by 21.
9
What is the remainder when 483777 is divided by 58?
57
What is the remainder when 11849 is divided by 133?
12
What is the remainder when 478751 is divided by 613?
611
Calculate the remainder when 1317 is divided by 70.
57
What is the remainder when 542830 is divided by 1052?
1050
Calculate the remainder when 23746 is divided by 10.
6
What is the remainder when 338 is divided by 42?
2
Calculate the remainder when 226039 is divided by 28.
23
Calculate the remainder when 13285 is divided by 7.
6
What is the remainder when 2647659 is divided by 877?
873
Calculate the remainder when 32501 is divided by 86.
79
What is the remainder when 1329 is divided by 401?
126
What is the remainder when 1047 is divided by 316?
99
Calculate the remainder when 15937 is divided by 7111.
1715
Calculate the remainder when 4214 is divided by 544.
406
Calculate the remainder when 2898 is divided by 581.
574
Calculate the remainder when 24689 is divided by 911.
92
What is the remainder when 7580 is divided by 7572?
8
Calculate the remainder when 28755 is divided by 14.
13
What is the remainder when 97881 is divided by 62?
45
What is the remainder when 36746 is divided by 591?
104
What is the remainder when 34697 is divided by 10?
7
What is the remainder when 3211 is divided by 156?
91
What is the remainder when 4264 is divided by 43?
7
Calculate the remainder when 672671 is divided by 112.
111
Calculate the remainder when 8754 is divided by 4.
2
Calculate the remainder when 54482 is divided by 212.
210
Calculate the remainder when 30759 is divided by 7594.
383
What is the remainder when 97 is divided by 30?
7
What is the remainder when 157776 is divided by 148?
8
What is the remainder when 25127 is divided by 1015?
767
Calculate the remainder when 430 is divided by 89.
74
What is the remainder when 98721 is divided by 191?
165
What is the remainder when 729 is divided by 92?
85
Calculate the remainder when 6840 is divided by 43.
3
What is the remainder when 134352 is divided by 33585?
12
What is the remainder when 477 is divided by 112?
29
Calculate the remainder when 140633 is divided by 11.
9
What is the remainder when 186 is divided by 105?
81
What is the remainder when 8457 is divided by 441?
78
What is the remainder when 13741 is divided by 5?
1
Calculate the remainder when 524995 is divided by 168.
163
Calculate the remainder when 1820509 is divided by 241.
236
What is the remainder when 2458 is divided by 804?
46
Calculate the remainder when 2642 is divided by 1304.
34
What is the remainder when 1118 is divided by 80?
78
What is the remainder when 44086 is divided by 14685?
31
Calculate the remainder when 144487 is divided by 821.
812
What is the remainder when 26427 is divided by 18?
3
Calculate the remainder when 32319 is divided by 15.
9
Calculate the remainder when 3670 is divided by 254.
114
What is the remainder when 2716788 is divided by 526?
524
Calculate the remainder when 40865 is divided by 610.
605
Calculate the remainder when 29414 is divided by 588.
14
Calculate the remainder when 40558 is divided by 47.
44
Calculate the remainder when 19924 is divided by 9643.
638
Calculate the remainder when 678766 is divided by 7.
4
What is the remainder when 4793 is divided by 166?
145
What is the remainder when 5069 is divided by 507?
506
Calculate the remainder when 3763 is divided by 3665.
98
Calculate the remainder when 189641 is divided by 31606.
5
What is the remainder when 73540 is divided by 122?
96
Calculate the remainder when 1645 is divided by 329.
0
What is the remainder when 2374420 is divided by 61?
56
What is the remainder when 224709 is divided by 261?
249
Calculate the remainder when 432441 is divided by 782.
777
What is the remainder when 25029 is divided by 87?
60
Calculate the remainder when 11058 is divided by 11052.
6
Calculate the remainder when 75433 is divided by 18855.
13
Calculate the remainder when 12305 is divided by 42.
41
What is the remainder when 5021 is divided by 836?
5
Calculate the remainder when 24143 is divided by 2404.
103
What is the remainder when 22038 is divided by 2197?
68
Calculate the remainder when 1067986 is divided by 57.
34
Calculate the remainder when 3846 is divided by 211.
48
Calculate the remainder when 173788 is divided by 90.
88
Calculate the remainder when 2178389 is divided by 132.
125
Calculate the remainder when 478848 is divided by 18.
12
Calculate the remainder when 156652 is divided by 27.
25
Calculate the remainder when 2323913 is divided by 1457.
1455
Calculate the remainder when 24296 is divided by 2030.
1966
Calculate the remainder when 11118 is divided by 210.
198
Calculate the remainder when 100851 is divided by 368.
19
What is the remainder when 22734 is divided by 191?
5
What is the remainder when 5604 is divided by 21?
18
Calculate the remainder when 43318 is divided by 36.
10
Calculate the remainder when 13057 is divided by 313.
224
What is the remainder when 774726 is divided by 226?
224
Calculate the remainder when 8138857 is divided by 1589.
1588
What is the remainder when 86378 is divided by 19?
4
Calculate the remainder when 2083 is divided by 57.
31
What is the remainder when 42095 is divided by 8366?
265
Calculate the remainder when 258734 is divided by 66.
14
What is the remainder when 90617 is divided by 45306?
5
Calculate the remainder when 5887 is divided by 64.
63
Calculate the remainder when 1754 is divided by 353.
342
Calculate the remainder when 60225 is divided by 460.
425
Calculate the remainder when 4